-3)/(-4).
2, 13
Let z(l) = 14*l**2 - 16*l + 14. Let w be z(1). Suppose -26 = -3*o + 73. List the prime factors of w*(o/6 + -4).
2, 3
Suppose -45*y + 38*y + 217 = 0. Suppose y = -5*b + 11, -1808 = -5*n - 3*b. List the prime factors of n.
2, 7, 13
Let n = 1162 - 1103. What are the prime factors of n?
59
Let y(f) = f**3 + 13*f**2 - 11*f + 49. Let i be y(-14). Let k(j) = 302*j - 128. What are the prime factors of k(i)?
2, 3, 331
Let x(m) = m**2 - 3*m + 1197. Let q be x(0). Suppose 16*p = 35*p - q. What are the prime factors of p?
3, 7
List the prime factors of 154560/(47 + -27) + 5 + (-6)/3.
3, 859
Let s = -2925 - -3461. What are the prime factors of s?
2, 67
Let h(d) = 37*d + 147. Let j be h(27). Let z = 2006 - j. What are the prime factors of z?
2, 5, 43
Let q be -3 - 14/4*-2. Let j be -15*q/(-24)*2. Suppose 5*g = -2*s + 268, -g + 2*s = -49 + j. What are the prime factors of g?
2, 13
Let s(i) be the third derivative of 1/6*i**5 + 0 - 1/6*i**3 - 1/8*i**4 + 44*i**2 + 0*i. What are the prime factors of s(-3)?
2, 7
What are the prime factors of 590209/11 + 72/(-198) + 3 + 4?
2, 7, 3833
Suppose i + 4*a - 24 = 7*a, 4*i - 129 = a. Suppose -42*z = -i*z - 2826. What are the prime factors of z?
2, 157
What are the prime factors of (-2 - 55527/(-6))*960/800?
3, 3701
Let k(t) = 67*t + 11. Let a be k(6). Let u = 176 + a. Suppose 4*r + 55 = 4*n - u, -5*n = -r - 789. What are the prime factors of n?
157
Let v(i) = 126*i. Suppose 0 - 6 = -6*b. What are the prime factors of v(b)?
2, 3, 7
Let l(z) = z**3 - 49*z**2 + 154*z + 68. List the prime factors of l(56).
2, 47, 163
Let y(x) = 6*x**2 + 25*x + 78. Let v be y(-4). Suppose v = c - 850. List the prime factors of c.
2, 3, 7, 11
Let u(r) = 2*r**2 + 15 + 31*r + 31 - 10 - 81. List the prime factors of u(-23).
2, 3, 5
Let c = -22293 - -33837. List the prime factors of c.
2, 3, 13, 37
Suppose 532*f - 538*f + 18 = 0. What are the prime factors of -886*1/(f/(12/(-2)))?
2, 443
Let n = 498 + -499. What are the prime factors of ((-3328)/(-6) - n) + (-36)/54?
3, 5, 37
Let w = -5 - -15. Suppose 0 = 19*o - 14374 + 1796. Suppose -172 = w*r - o. List the prime factors of r.
7
Suppose -12*t + 8 = -10*t. Suppose -3*q + 8*q - 95 = -t*a, 0 = 5*q - 15. List the prime factors of (-1)/(514/2620 + (-4)/a).
2, 131
Let d = 36 - 105. Let q = 184 - d. Suppose q = 5*z - 162. List the prime factors of z.
83
Let x(d) = d**3 - 8*d**2 + 17*d - 8. Let p be x(5). List the prime factors of -4*p/8*-103.
103
Suppose 7*z + 10890 = 10*z. Let y be (-1)/6 + z/(-36). Let b = y - -158. List the prime factors of b.
3, 19
Suppose -2*x - 2 = 4*j + 6, -3*x = 0. List the prime factors of 20/8 - j/4.
3
Suppose 16*q - 20*q + 5*h = -27674, -34607 = -5*q - h. What are the prime factors of q?
3, 769
Suppose -859 = -9*t + 761. Suppose -t*b + 7856 = -172*b. What are the prime factors of b?
2, 491
Suppose 0 = 4*h + 5*t - 133641, 29*h + 3*t = 27*h + 66817. What are the prime factors of h?
23, 1453
Suppose 5*n - 2*t + 61202 = 0, -3*n - 4*t - 36717 = -t. Let m = 6590 + n. What are the prime factors of 4/14 - m/70?
3
Let u(b) = 3*b + 110. Let m = 25 - 43. Let w(s) = s**3 + 18*s**2 + s + 18. Let y be w(m). List the prime factors of u(y).
2, 5, 11
Suppose 4*r - 3006 = -2*l, -2*r - 5*l + 1165 = -318. What are the prime factors of r?
2, 13, 29
Suppose -4*d = 2*j - 18, -2*d - 4*j = -5*j - 3. Let n(s) = 5*s**2 + 7*s - 3. List the prime factors of n(d).
3, 7
Suppose 295911 = -39*w + 43*w + 5*u, -2*u + 73977 = w. What are the prime factors of w?
29, 2551
Let g = -20 + 20. Suppose g*l + 2*l + 5*c = 24, 0 = 2*l + c - 32. Let z = l + 6. List the prime factors of z.
23
Let c be 2/(-3) + (-5847)/(-9). Let t = c - 329. Suppose t = -11*u + 19*u. What are the prime factors of u?
2, 5
Suppose -227*v + 69725 = -210166. What are the prime factors of v?
3, 137
Suppose -3*s + 12 = 0, -2*s + 4*s = -r + 10. Suppose -225 = -r*x - 3*f, -325 = -3*x - 2*f - 0*f. List the prime factors of x.
3, 5, 7
Let y(c) = -3*c + 23. Let g be y(7). Suppose 27 = -g*r - 69. Let q = 52 + r. List the prime factors of q.
2
Suppose 448804 = -165*a + 3619939. List the prime factors of a.
19219
Let t = -16934 - -28294. List the prime factors of t.
2, 5, 71
Suppose 7 = 3*i + l, -4*i - l = -2*l - 21. Let w = i - -33. Let y = w + -29. List the prime factors of y.
2
Suppose -4088 = -n - 2*a, -91*a + 4085 = n - 86*a. List the prime factors of n.
2, 5, 409
Let u(x) be the second derivative of 7*x**5/10 - x**4/4 - 3*x**3 - 9*x**2/2 + 24*x. Let r be u(-9). What are the prime factors of (-2)/5 - r/65?
2, 79
Let u = 29303 - 12672. What are the prime factors of u?
16631
Suppose -4*x = -3*u + 7, u - 4*u = -x - 13. Let z be (-1)/(0 - (-2)/(-6)). Suppose 26 = -x*v + z*v. List the prime factors of v.
2, 13
Let k = 8 + -5. Let v(b) = -7*b**2 - b. Let j(s) = 37*s**2 + 6*s. Let i(u) = -2*j(u) - 11*v(u). List the prime factors of i(k).
2, 3
Suppose 0 = g - 0*g - 4. Let m = -5194 - -5821. Suppose 4*h - 5*f - 134 - 503 = 0, -g*h = 5*f - m. What are the prime factors of h?
2, 79
Let k = 1243 - 581. Let a = -359 + k. List the prime factors of a.
3, 101
Let i = -2 + 5. Suppose -i*b + 5*b = 4*k - 6, -3*k - 6 = 2*b. Suppose -2*h - 5*d + 133 = k, 0*d - 9 = 3*d. List the prime factors of h.
2, 37
Let s(i) = i**2 - 14*i. Let h be s(14). Suppose h = 11*t - t - 720. Let m = 130 - t. What are the prime factors of m?
2, 29
Let f(w) be the third derivative of -11/24*w**4 + 0 + 0*w - 4/3*w**3 - 19*w**2. What are the prime factors of f(-7)?
3, 23
Let n be (-11643)/12 + (-1)/(-1 + -3). Let a = n + 691. Let x = 415 + a. List the prime factors of x.
2, 17
Suppose 16*t - 287167 - 313073 = -4*t. What are the prime factors of t?
2, 3, 41, 61
Let j = -8718 + 13152. List the prime factors of j.
2, 3, 739
Suppose 3*n = 6*n - 681. Let c = -211 + 214. Suppose c = 2*h - n. What are the prime factors of h?
5, 23
Suppose -4*d + g = -758, g + 752 = 5*d - 195. Suppose 54 - d = 5*k. Let m = k - -97. List the prime factors of m.
2, 5, 7
Let d(i) = -i**3 - 44*i**2 - 31*i + 175. List the prime factors of d(-45).
5, 719
What are the prime factors of 797712/30 + 6/(-15)?
2, 5, 2659
Suppose -24*y - 74001 = -27*y - 4*l, -y + 24641 = -3*l. What are the prime factors of y?
24659
Suppose -2*l - 9*z = -6*z - 3851, -2*z = -5*l + 9656. What are the prime factors of l?
2, 5, 193
Let j = 213 - 188. Suppose 0 = -j*a + 12764 + 836. What are the prime factors of a?
2, 17
Let g be ((-9)/(-2))/(-9)*-2 + 1733. Suppose 10136 = 10*r - g. List the prime factors of r.
1187
Let f(q) = 138*q**2 + 1355*q + 5. List the prime factors of f(17).
2, 3, 10487
Let c(x) = x**2 + 7. Let f be c(7). Suppose 4*u = -f + 72. Let o(z) = 9*z**2 - 4*z - 5. List the prime factors of o(u).
3, 41
Suppose 0 = 9*o - 7*o - 2*q - 388, 4 = -q. Let u = o - 110. What are the prime factors of u?
2, 5
Let i(t) = -t**3 - 23*t**2 - 33*t - 55. What are the prime factors of i(-22)?
11, 17
Let x(o) = -o**3 + 7*o**2 + 4*o - 9. Let g be x(14). What are the prime factors of (1 + 0)/((-25)/g)?
53
Let i(m) be the second derivative of 5*m**4/12 + 7*m**3/6 - 14*m**2 - 46*m. What are the prime factors of i(8)?
2, 3, 29
Let n(r) = 4*r**2 + 22*r - 89. Let g be n(5). What are the prime factors of (-8)/(-20) + (-54)/(-15)*g?
2, 109
Let o = 513 + -293. Suppose 0 = s + o - 1350. What are the prime factors of s?
2, 5, 113
Suppose -110 + 98 = -3*c. Let d be 7/((-21)/c)*3/(-2). Suppose -5*b = -d*h - 106, -5*b + 73 = h - 39. What are the prime factors of b?
2, 11
Let p(s) = s**3 - 5*s**2 - 53*s - 31. Let c be p(11). Suppose 22*u = -c + 442. List the prime factors of u.
3, 5
Let o = -1089 + 4976. List the prime factors of o.
13, 23
Let v(w) = -29*w - 360. What are the prime factors of v(-15)?
3, 5
Let u(t) = 7*t**2 - 9*t - 48. Let x = -400 + 394. What are the prime factors of u(x)?
2, 3, 43
Suppose -4*s + 5*s = -1, -q - 2 = -2*s. List the prime factors of (-1818)/(-72) - (-1)/q.
5
Suppose -3275 = -d + 4*o, -2*d + 49*o = 44*o - 6565. What are the prime factors of d?
5, 659
Suppose -8*i + 1438029 = 80*i - 19*i. What are the prime factors of i?
3, 6947
Let n = -31 - -35. Suppose -3*l + 3 = -4*c, -4*l - c = -5*c - n. List the prime factors of (-11)/((-4)/40*(l - -1)).
5, 11
Let l = 277 - -593. Suppose 3*u - l = 4*x, -2*u + 7*x - 6*x = -575. List the 